 Calculate the greatest common divisor of 33 and i.
11
Let c = -217 + 224. Let m be 25 + -21 + c*5. What is the highest common factor of m and 39?
39
Suppose 7*c - 1268 = -2*b - c, 5*b - 3*c = 3331. What is the greatest common divisor of 34 and b?
2
Suppose 1641 = 3*f - 4*p - 87, -f - 2*p = -556. Calculate the highest common divisor of 4118 and f.
142
Let g = -157 - -162. Suppose -6*y + 5*y - 307 = -4*i, 0 = 3*i + g*y - 236. Calculate the highest common factor of 22 and i.
11
Let o(y) = -1. Let h(i) = 21*i - 3. Let l(u) = 2*h(u) + 4*o(u). Let w be l(5). Suppose -32 + w = 14*b. Calculate the greatest common divisor of 9 and b.
3
Let b(j) = j**3 - 49*j**2 + 95*j + 712. Let o be b(47). Calculate the highest common divisor of 1104 and o.
69
Let y be ((-129444)/207)/(8/(-12)). Calculate the greatest common factor of 335 and y.
67
Let s = 9973 + -9936. Calculate the highest common factor of s and 3959.
37
Let y = -566 - -670. Calculate the highest common factor of y and 2041.
13
Suppose 0 = 67*q - 66*q - 32. Let g be ((-112)/q)/(2/(-4)). Suppose 0 = g*j + 6*j - 26. What is the greatest common factor of j and 1?
1
Let r be 17 + (-2582)/(-8) - (-2)/8. What is the highest common divisor of r and 10?
10
Let l = 13074 + 2014. What is the highest common divisor of l and 46?
46
Let s(l) = 29 - l**3 + 3*l + 15*l + 20*l**2 + 2*l**3 + 30 + 4*l. Let k be s(-19). Calculate the greatest common divisor of 13 and k.
1
Let z(g) = 3*g - 18. Let l be z(6). Suppose -3*t - 93 + 1065 = l. What is the highest common divisor of 12 and t?
12
Let x be (-1 - -7) + 5/40*8. Let n(z) = -2*z**3 + 11*z**2 + 28*z - 27. Let k be n(x). Calculate the highest common factor of 77 and k.
11
Let f be 24/10*(-405)/(-36). Suppose 0 = 3*l + 12, 3*p + 2*l = -2*l + 8. Suppose p = f*o - 25*o. What is the highest common factor of 20 and o?
4
Suppose 4*j + 3*x = 3*j + 311, 5*j - 3*x - 1681 = 0. What is the highest common factor of j and 7138?
166
Let t(v) = -v**2 - 13*v - 28. Let z be t(-11). Let c = z + 22. What is the greatest common divisor of 1 and c?
1
Let w = -18556 - -18700. Let r = 26 - -64. What is the greatest common factor of w and r?
18
Let p be (0 + (17 - 37))/((-1)/(44*4)). Calculate the highest common factor of 128 and p.
64
Suppose -2*z - 6*d + 476 = -3*d, 472 = 2*z + d. What is the greatest common divisor of z and 2491?
47
Suppose -4*g - s = -2*s - 19, -2*g + 20 = -4*s. Suppose -107 = -0*p - 3*p + i, -g*p = -2*i - 144. Calculate the highest common factor of 560 and p.
35
Suppose 550 = 5*k + 2*a, 0 = -26*k + 27*k - 5*a - 110. What is the highest common factor of k and 99?
11
Suppose 54726 + 125877 = 28*s + 21367. Calculate the greatest common factor of s and 94.
47
Let v be ((-4853)/2)/((4 - 14)/20). What is the highest common divisor of 23 and v?
23
Let i(o) be the third derivative of o**5/60 - 29*o**4/24 + 3*o**3 - 16*o**2. Let r be i(29). What is the highest common divisor of 72 and r?
18
Let z be (-7543)/(-361) - 4/(-38). Let n be 2 - -2*2/4. Suppose -3*x - n*o + 252 + 69 = 0, 2*x = 5*o + 200. What is the greatest common divisor of z and x?
21
Suppose -3*b - 177 + 222 = n, 3*n = 3*b + 135. Calculate the greatest common divisor of 35 and n.
5
Let y(z) = 24*z - 24. Let m be 14/(1 - 6/2). Let q be y(m). Let g = 367 + q. Calculate the greatest common factor of g and 35.
35
Let u be 5/(25/72)*5. Suppose -2567*y + 48162 = 639*y - 9546. What is the greatest common factor of u and y?
18
Suppose -19*k = -k - 17280 + 12960. Calculate the greatest common divisor of k and 6780.
60
Let w = -318 + 328. What is the highest common factor of 1510 and w?
10
Let k(v) = -285*v + 711. Let o be k(0). What is the greatest common factor of o and 869?
79
Let n be (5 - 0)*5 + 0. Let q(m) = -142*m - 48. Let t be q(6). Let l = 1000 + t. Calculate the greatest common divisor of n and l.
25
Let p(t) = -t**3 + 6*t**2 - 2*t + 6. Let v be p(5). Let x = -298 - -290. Let n be -2 - (486/(-3) + x). What is the highest common factor of n and v?
21
Suppose 221 = 13*t - 0*t. Let h be 428/6 + 1/(-3). Suppose -2*w = -65 - h. What is the greatest common divisor of t and w?
17
Let i(k) = k**3 + 36*k**2 + 172*k + 21. Let s be i(-28). What is the highest common divisor of 28 and s?
7
Let l(g) = -g**2 + 65*g + 163. Let i be l(41). Calculate the greatest common divisor of 496 and i.
31
Suppose 3*p + 8 = -4*i, 4 = i - 0*i. Let d = p + 27. Suppose 499 = 10*b - 261. What is the highest common factor of d and b?
19
Let w(h) = -h**2 - 7*h - 8. Let k be w(-6). Let u = 2 - k. Let q = -716 + 752. What is the greatest common factor of q and u?
4
Let x(t) = -t**2 - 86*t + 187. Let z be x(-72). What is the greatest common factor of 15 and z?
5
Suppose 7379*k - 74562 = 7328*k. Calculate the highest common factor of k and 102.
34
Let i be -72*(-10 + 16 + -5)/(-2 - 0). Suppose -4 = -t + 6*l - l, 0 = -t + l + 8. Let d be 2/((t/6)/3). Calculate the greatest common factor of i and d.
4
Suppose 26 = 2*s + 2*g, -5*s = -15*g + 11*g - 56. Let x be 508/6 - 2/3. What is the greatest common factor of x and s?
12
Let j = -224 - -419. Suppose 113 = 4*l - 327. Suppose -4*s + 202 = -l. Calculate the greatest common divisor of j and s.
39
Let i = -5109 + 5193. Let d(j) = -2*j. Let f be d(-6). Calculate the highest common divisor of i and f.
12
Suppose 220*t - 248*t + 57400 = 0. What is the highest common divisor of 200 and t?
50
Let h be 35497/99 - 98/63. What is the highest common factor of 84 and h?
21
Let m(c) = -5*c**3 - 2*c**2 - 3*c - 2. Let p be m(-2). Suppose 212*q + 718 = 10258. Calculate the greatest common divisor of q and p.
9
Suppose 0 = 4*t - 5*m - 35, 3*m - 75 = -15*t + 11*t. Suppose -1156 = -t*s - 61. Calculate the highest common divisor of 73 and s.
73
Suppose 47 = 7*g - 254. Suppose -g = -3*s + 5*h, -2*s - 4*h = h - 37. Suppose -2*l + 0*r = -r, -s = -4*r. What is the highest common factor of l and 18?
2
Suppose -i = -5*q + 39 - 3, -4*i + 40 = 3*q. What is the highest common factor of 104 and q?
8
Suppose -4*v + i + 36 = -3*i, 0 = -i - 5. Let g = -168 + 169. Suppose 0 = -k + v - g. What is the highest common factor of k and 12?
3
Let n = 855 - 852. Suppose 0 = -9*y + 10*y - 5. What is the greatest common factor of n and y?
1
Let k be (-802)/(-5) + ((-108)/(-30) - 4). Suppose 0 = 62*b - 72*b + k. Calculate the highest common divisor of 368 and b.
16
Suppose -4*l + 4*z - 137 + 597 = 0, z - 125 = -l. Suppose l = 3*r + 4*v, -2*r + 4*v = -6*r + 156. Let j = r - -8. What is the highest common factor of 4 and j?
4
Let b = -18163 + 18486. Let i be (-19)/(-1) + -1 + -1. What is the highest common divisor of i and b?
17
Let l be -6 + 1211 + (-4 - -2). Suppose -1227 = -30*d + l. Let r be (-4)/18 - (-83)/9. Calculate the highest common factor of r and d.
9
Let t = -43 + 100. Let x = -1289 + 1292. What is the highest common divisor of t and x?
3
Suppose 13*u - 126533 = 35018. Calculate the highest common divisor of u and 34.
17
Let v be (-13 + (-12462)/(-6))/(0 - -2). What is the highest common divisor of v and 20?
4
Suppose -2 = s - 6. Let f be s/(-10) + 7/5. Suppose 3*t + 27 = 4*t - 4*w, -2*t - 3*w = -10. What is the greatest common divisor of f and t?
1
Let t(d) = d**3 + d**2 + d + 76. Let s be t(0). Let v be -12*(-12)/8*16/72. Calculate the greatest common factor of v and s.
4
Suppose -7*q + r = -5*q - 6, 3*q - 4*r - 14 = 0. Suppose -q*j + 129*o = 134*o - 288, -3*o = 0. What is the highest common divisor of j and 18?
18
Suppose 3*f + 4*g = f + 22, 3*g = 3*f + 3. Suppose 2*t + f*z - 16 = 0, -4*t + 16 = 30*z - 32*z. Calculate the highest common factor of 9 and t.
1
Suppose 5*h + 3*z - 3079 = -0*z, 0 = 2*h + z - 1232. Suppose h + 13 = 3*x. What is the greatest common factor of x and 126?
42
Suppose -2*o = 5*b - 2894, -7166 = 422*o - 427*o - b. Calculate the highest common factor of 32 and o.
8
Let q = 3066 + -3030. Calculate the highest common factor of q and 264.
12
Let z be (2 + 1)*17/51. Suppose -45 = -2*m - 3*m. Suppose m*s - 54 = 3*s. What is the greatest common divisor of s and z?
1
Let w be ((-268 + -12)/10)/(3/(-15)*2). Calculate the greatest common factor of 790 and w.
10
Let b(g) = g**3 + 18*g**2 + 26*g - 27. Let l be b(-16). What is the greatest common factor of 46 and l?
23
Let h = 37440 + -35347. Calculate the greatest common fac